-35*k. What is the tens digit of k?
9
What is the thousands digit of 594192/108 - 5 - 4/(-18)?
5
Suppose -p + 5*f - 28 = 0, 2*f - 25 = 5*p - 0*f. Let r(i) = -19*i**3 - 10*i - 3. Let v be r(p). Let g = v - 320. What is the units digit of g?
0
Let y = -3052 - -4379. Suppose 5*i - 326 = -w + 125, -2*i + y = 3*w. What is the units digit of w?
1
Suppose -7*z = 160 - 188. Suppose 0 = 2*l, z*u - 48 = u - 4*l. What is the tens digit of u?
1
Let t = 412 - 579. Let v = t + 426. What is the units digit of v?
9
What is the thousands digit of (-28177)/(-114)*21*6?
1
Let j(l) = 9*l**3 + 3*l - 3. Let m be j(3). Let s = 205 + -381. Let t = s + m. What is the tens digit of t?
7
Let l(c) = 6*c + 437. Suppose -4*m + 8 = -x, 0 = 2*x + 4*m - 11 + 3. What is the units digit of l(x)?
7
Let k = -9803 - -45867. What is the tens digit of k?
6
Let p(a) = 415*a**2 - 100*a + 21. What is the units digit of p(-6)?
1
Let g be (642/(-24))/(1/(-4)). Let t = g - -14. What is the units digit of t?
1
Let p be (-3 - -6) + (-1)/((-2)/30). Let f be (-36282)/p + 2/3. What is the hundreds digit of (-3)/4 + f/(-20)?
1
Let y = 61 + -53. Let j(x) = -8*x + 2*x + 0*x + y - 2 + 12*x**2. What is the units digit of j(2)?
2
Let g be -8070 + (-1 - -1) - (14 - 16). What is the hundreds digit of g/(-18) + ((-198)/81)/11?
4
Suppose -2*g + 115354 = -z, -57*g = -60*g - 3*z + 173049. What is the tens digit of g?
7
Suppose 7*m + 335 = 5*u + 5*m, 2*m - 250 = -4*u. Suppose 73*c - u*c - 7248 = 0. What is the hundreds digit of c?
9
Let i be -115 + (3 - (-32)/(-4)). Let z = 112 + i. What is the hundreds digit of z/(-12)*((-1809)/(-6))/1?
2
Suppose -133*l - 33722 = -135*l + h, 50581 = 3*l - 2*h. What is the units digit of l?
3
Let x(a) = 0*a**2 + 0 + a**2 + 20 - 2*a**2 + 31*a. What is the tens digit of x(27)?
2
Let h = 451 + -312. What is the units digit of 1/(-2)*12 + h?
3
Let g = 178 + -179. What is the thousands digit of (31128/(-24))/((0 - 0) + g)?
1
Let q(i) = -430*i**2 + 855*i**2 - 25 - 422*i**2 - 53*i. What is the tens digit of q(24)?
3
Let r(f) = -f**3 + 17*f**2 + 19*f + 13. Suppose -24 = -12*k + 144. What is the hundreds digit of r(k)?
8
Let o(l) = -l**3 - 9*l**2 + 9*l - 29. Suppose -f + 5*z = -0*z + 23, 5*f = -3*z - 59. What is the tens digit of o(f)?
3
Suppose -3*c - 485 = 1447. What is the tens digit of -2 - (c + 6/(-2))?
4
Let j(l) = 135*l**2 + 6*l - 28. What is the tens digit of j(-6)?
9
Let k = 15278 + -3033. What is the thousands digit of k?
2
Let t = -3961 - -7712. What is the units digit of t?
1
Suppose 0 = 3*k - 4*k + 138. Let f be -1 + -3 + (3 - -2). What is the units digit of ((-3)/6*f)/((-1)/k)?
9
Let k = -10 + 12. Suppose -9*h = -22*h + 26. Suppose 5*j = -15, -h*f + 0*j + 160 = -k*j. What is the tens digit of f?
7
Let i(t) = 4*t**2 + 1. Let k be i(1). Let p(u) = -k*u**2 + 10*u**2 + 36 + 6*u - 41. What is the tens digit of p(-5)?
9
Let d = 391 + -26. Suppose 4*a = 3*a + k + 119, 3*a - k = d. What is the units digit of a?
3
Let l = -9000 - -9652. What is the hundreds digit of l?
6
Let q = 4767 - -2136. What is the hundreds digit of q?
9
What is the tens digit of -29 + 7151 + 7 + -4?
2
Let h(o) = 13*o - 59. Let k(d) = 27*d - 118. Let b(p) = 7*h(p) - 4*k(p). Let l be b(18). Let i = l - -471. What is the units digit of i?
4
Suppose 57*d = 21*d + 684. Suppose 89 = d*t - 18*t. What is the tens digit of t?
8
Suppose 19*u - 12005 = 1808. Suppose 3*h - 1940 = u. What is the hundreds digit of h?
8
Let b(p) = -6670*p**3 + 4*p**2 - p - 6. What is the thousands digit of b(-1)?
6
Suppose -14*i + i = -54483. Suppose -6*n - 3*r - i = -10*n, 5*n - 5*r = 5235. What is the thousands digit of n?
1
Suppose -x = -4*z + 1, z = 6*z. What is the units digit of 64/288 + ((-2012)/18)/x?
2
Let l(x) = 10*x**2 + 35*x - 142. Let a = -615 - -623. What is the hundreds digit of l(a)?
7
Let z be (-632)/(-120)*-3 - 8/(-10). Let h(f) = -35*f - 13. What is the tens digit of h(z)?
1
Suppose 0 = -3*b - 2*g + 35, 6*g - 7 = -b + 3*g. Let o(r) = -2*r**2 - 31 - 17*r + 4*r**2 + r. What is the tens digit of o(b)?
9
Let m(z) = -150*z + 5. Let d = 65 + -68. Let c be m(d). Suppose 6*l - c = -l. What is the tens digit of l?
6
Suppose -16*v + 2*p - 23460 = -18*v, 2*v - p = 23466. What is the thousands digit of v?
1
Suppose 3*y + 20 = 86. Suppose 0*u - y = -u - d, -3*d = u - 22. Suppose -u*t = -27*t + 340. What is the tens digit of t?
6
Let h = -311 - -307. What is the hundreds digit of (-4)/((-2660)/(-666) + h)?
6
Suppose 2*h = i - 20, 43 = -2*h + 37. Suppose -12*t = -i*t + 1576. What is the hundreds digit of t?
7
Let z(t) = -t**2 + t + 21. Let i be z(5). Let u(b) = b**3 - 5*b**2 + 5*b + 1. What is the units digit of u(i)?
2
Let d be (-9 + 5 + 2)/((-1)/2). Let f be (-9)/(27/(-6))*(-1198)/d. Let m = 890 + f. What is the tens digit of m?
9
Suppose 4 = -3*k + 4*k. Suppose -k*n = -6*n + 10. Let r(c) = -c**3 + 7*c**2 - 5*c - 6. What is the tens digit of r(n)?
1
Let v be 2/8 + 262/24*3. What is the units digit of ((-390)/(-8))/(v/220)?
5
Suppose 4*g - 12 = o + 3*o, -g - 4*o + 8 = 0. Suppose 2*s + 7 = h, -3*h - 3*s = -g*s - 21. What is the units digit of (38/h)/(28/196)?
8
Let p = -417 - -414. Let w(o) = -103*o + 52. What is the hundreds digit of w(p)?
3
Let l = 12917 + -5618. What is the tens digit of l?
9
Suppose -5*r - 34 = -3*b - 374, -4*r - b + 289 = 0. Let g = r + -83. Let q(u) = u**2 + 5*u + 45. What is the units digit of q(g)?
9
What is the tens digit of 2*2 - ((-22518)/8 + (-170)/136)?
2
Suppose -87*v + 8 = -85*v. Suppose 2*i + 2*i = 3*j - 5026, 5*i - 6660 = -v*j. What is the hundreds digit of j?
6
Let i = 49991 - 27653. What is the ten thousands digit of i?
2
Suppose p - 3*h = 8163, p - 10*h - 8164 = -6*h. Suppose 0 = 8*u - 20*u + p. What is the units digit of u?
0
Suppose z - 376 = 4*k + 66, -k = z - 462. Suppose 3*x - z = 76. What is the units digit of x?
8
Suppose -9*y - 12 = -13*y. Suppose 15 = -g + 2*j + 73, -53 = -g + y*j. What is the tens digit of g?
6
Let q(l) = 9*l - 9. Let v be q(9). Let p be v/(-5)*50/15. Let x = 164 + p. What is the hundreds digit of x?
1
Suppose -8541 = -p + 323. Suppose -8*v = -p + 856. What is the hundreds digit of v?
0
Let n = 15173 + -3145. What is the tens digit of n?
2
Suppose -236964 = -32*p + 9*p - 39*p. What is the thousands digit of p?
3
Let x(g) = g**2 + 40*g + 485. Let n be x(-17). Let c = -12 + 66. Let k = n - c. What is the units digit of k?
0
Let u(m) = 5*m**2 + 44*m - 55. What is the units digit of u(-25)?
0
Let d(k) = k**3 - 4*k**2 - 12*k + 2. Let n be d(6). Let x be (-4 + -2)/n + 5. What is the tens digit of x/(24/2439*6/8)?
7
Let f(v) = -26*v - 228. Let w be f(-6). What is the hundreds digit of -4 + 66/16 + (-72279)/w?
0
Let f = -4873 + 1777. What is the hundreds digit of (-3)/(-7) + f/(-28)?
1
Let j = 190 + -170. What is the units digit of -3 - (-3879)/15 - 12/j?
5
Let u = -1264 + 771. Let r = 706 + u. What is the units digit of r?
3
Suppose 2*s + t - 26 = -3*s, 2*t = 5*s - 38. Suppose -1189 = -s*u + 629. What is the units digit of u?
3
Suppose -166*z - 125*z = -247*z - 1369236. What is the hundreds digit of z?
1
Let c be (39/117)/(1 + 14/(-15)). Suppose -c*t + 1944 - 339 = 0. What is the hundreds digit of t?
3
Suppose 0 = 52*t - 56*t + 1400. Suppose 0 = 5*g - t - 505. What is the hundreds digit of g?
1
Let c(o) = -17*o - 29. Let a(w) = 16*w + 30. Let q be 138/(-33) + -4 + (-230)/(-55). Let s(v) = q*a(v) - 5*c(v). What is the units digit of s(6)?
1
Suppose -2*n - h = -11489, -4*h + h = -n + 5755. What is the thousands digit of n?
5
Let w be (25 + -21)*(0 + 0 - -1). Suppose 0*l - w*l = -1960. Suppose -l = -3*r - 67. What is the tens digit of r?
4
Let w(c) = 3*c**3 - 16*c**2 - 27*c - 9. Let q(z) = -5*z**3 + 32*z**2 + 52*z + 18. Let g(y) = 4*q(y) + 7*w(y). What is the units digit of g(-12)?
7
Let k(s) = s**2 + 11*s - 1. Suppose 19*u - 14*u + 360 = 0. Let z = -90 - u. What is the hundreds digit of k(z)?
1
Let t(o) = 4*o**2 + 6*o**3 - 2 - 3 + 5 + 1 - 3*o. Let s be 18/16*2 - 93/372. What is the units digit of t(s)?
9
Let k be (-2 + 11)/(1 + 0). Suppose k*d = 1460 + 709. What is the tens digit of d?
4
Suppose 24*t - 272277 = -32*t + 62995. What is the thousands digit of t?
5
Let u be 386 + -5 + (-1 - 3). Suppose -5*d = -2*h + u, 1025 = 3*h + 2*h + 4*d. Suppose 4*y + 53 - h = -3*p, y = 